{"id":46,"date":"2019-02-08T10:39:16","date_gmt":"2019-02-08T10:39:16","guid":{"rendered":"https:\/\/centreedusoma.com\/?page_id=46"},"modified":"2019-06-07T19:31:36","modified_gmt":"2019-06-07T19:31:36","slug":"le-feldenkrais","status":"publish","type":"page","link":"https:\/\/centreedusoma.com\/index.php\/le-feldenkrais\/","title":{"rendered":"La m\u00e9thode Feldenkrais\u00ae"},"content":{"rendered":"\n<p style=\"color:#075f5e;font-size:21px;text-align:center\" class=\"has-text-color\"><strong>\u00ab&nbsp;Une personne en bonne sant\u00e9, c&rsquo;est quelqu&rsquo;un qui peut vivre pleinement ses r\u00eaves inavou\u00e9s.&nbsp;\u00bb<\/strong><\/p>\n\n\n\n<p>En bref, la m\u00e9thode&nbsp;<em>Feldenkrais<\/em><strong>\u00ae<\/strong>&nbsp;est l\u2019une des grandes m\u00e9thodes d\u2019\u00e9ducation somatique reconnues par le&nbsp;<a href=\"http:\/\/www.education-somatique.ca\/\">Regroupement pour l\u2019\u00e9ducation somatique (RES)<\/a>. Elle utilise le mouvement corporel pour am\u00e9liorer la qualit\u00e9 et l\u2019efficacit\u00e9 du fonctionnement de la personne. \u00c0 travers le mouvement cette approche propose de devenir plus conscients de ses habitudes de mouvement puis d\u2019\u00e9largir son r\u00e9pertoire d\u2019actions. La r\u00e9duction de l\u2019effort, l\u2019aisance, la lenteur, l\u2019efficacit\u00e9 et le confort sont des strat\u00e9gies importantes utilis\u00e9es dans cette m\u00e9thode. L\u2019attention est dirig\u00e9e vers l\u2019observation des diff\u00e9rences sensorielles et vers la participation de l\u2019ensemble de la personne dans le mouvement. Par la cr\u00e9ation de variations et l\u2019exploration de situations de mouvements inhabituelles qui lui permettent d\u2019int\u00e9grer la conscience de son squelette, l\u2019\u00e9l\u00e8ve apprend \u00e0 exp\u00e9rimenter sans se juger. Il am\u00e9liore ainsi par lui-m\u00eame&nbsp;et avec l\u2019aide du professeur sa capacit\u00e9 d\u2019apprentissage. \u00c0 l\u2019int\u00e9rieur de la structure d\u2019une le\u00e7on,&nbsp;l\u2019\u00e9l\u00e8ve apprend \u00e0 passer du plus simple au plus complexe, \u00e0 transposer les apprentissages dans diff\u00e9rentes configurations dans le champ de la gravit\u00e9, et \u00e0 transf\u00e9rer ces apprentissages \u00e0 des situations plus complexes.<\/p>\n\n\n\n<p>La personne, comme tout \u00eatre vivant, est une entit\u00e9 dont on ne peut pas dissocier les parties puisque squelette, muscles, cerveau, sensations, \u00e9motions, pens\u00e9e forment un tout fonctionnel. Chaque personne est donc en mesure de d\u00e9couvrir, gr\u00e2ce \u00e0 ses sensations et \u00e0 sa conscience, ce qu\u2019elle peut faire de mieux pour elle-m\u00eame. Les standards de pratique de cette m\u00e9thode, sa philosophie et ses principes p\u00e9dagogiques, sont clairement \u00e9nonc\u00e9s dans un document produit par la F\u00e9d\u00e9ration&nbsp;<em>Feldenkrais&nbsp;<\/em>Internationale. AUTOPO\u00cf\u00c9SIS part du fait que l\u2019artiste est une personne, que l\u2019acteur est une entit\u00e9 vivante et que son art repose sur un art de vivre et d\u2019apprendre.<\/p>\n\n\n\n<p>Il existe deux fa\u00e7ons de pratiquer la M\u00e9thode&nbsp;<em>Feldenkrais<\/em><strong>\u00ae<\/strong>&nbsp;: la&nbsp;<em>Prise de Conscience par le Mouvement<\/em><strong>\u00ae<\/strong>&nbsp;et&nbsp;<em>l\u2019Int\u00e9gration Fonctionnelle<\/em><strong>\u00ae<\/strong>. Toutes deux s\u2019adressent \u00e0 l\u2019ensemble du syst\u00e8me nerveux, donc \u00e0 l\u2019ensemble de la personne tant au plan sensoriel qu\u2019\u00e9motif et intellectuel. L\u2019image de soi se raffine \u00e0 travers ces exp\u00e9rimentations portant sur son exp\u00e9rience v\u00e9cue.<\/p>\n\n\n\n<p>L\u2019apprentissage se fonde sur son exp\u00e9rience individuelle. Chaque individu d\u00e9veloppe sa propre fa\u00e7on de se mouvoir.<\/p>\n\n\n\n<div class=\"wp-block-columns has-2-columns is-layout-flex wp-container-core-columns-is-layout-9d6595d7 wp-block-columns-is-layout-flex\">\n<div class=\"wp-block-column is-layout-flow wp-block-column-is-layout-flow\">\n<div class=\"wp-block-button\"><a class=\"wp-block-button__link has-text-color has-very-dark-gray-color has-background\" href=\"https:\/\/feldenkraisqc.ca\" style=\"background-color:#ceeafa\">Association Feldenkrais Qu\u00e9bec<\/a><\/div>\n<\/div>\n\n\n\n<div class=\"wp-block-column is-layout-flow wp-block-column-is-layout-flow\">\n<div class=\"wp-block-button\"><a class=\"wp-block-button__link has-text-color has-very-dark-gray-color has-background\" href=\"https:\/\/www.feldenkraisguild.com\/fgna\" style=\"background-color:#ceeafa\">Feldenkrais Guild of North America<\/a><\/div>\n<\/div>\n<\/div>\n\n\n\n<div class=\"wp-block-columns has-2-columns is-layout-flex wp-container-core-columns-is-layout-9d6595d7 wp-block-columns-is-layout-flex\">\n<div class=\"wp-block-column is-layout-flow wp-block-column-is-layout-flow\">\n<div class=\"wp-block-button\"><a class=\"wp-block-button__link has-text-color has-very-dark-gray-color has-background\" href=\"https:\/\/www.feldenkrais-france.org\" style=\"background-color:#ceeafa\">Association Feldenkrais France<\/a><\/div>\n<\/div>\n\n\n\n<div class=\"wp-block-column is-layout-flow wp-block-column-is-layout-flow\">\n<div class=\"wp-block-button\"><a class=\"wp-block-button__link has-text-color has-very-dark-gray-color has-background\" href=\"https:\/\/feldenkrais-method.org\" style=\"background-color:#ceeafa\">F\u00e9d\u00e9ration Feldenkrais Internationale<\/a><\/div>\n<\/div>\n<\/div>\n\n\n\n<div style=\"height:30px\" aria-hidden=\"true\" class=\"wp-block-spacer\"><\/div>\n\n\n\n<hr class=\"wp-block-separator\"\/>\n\n\n\n<div style=\"height:30px\" aria-hidden=\"true\" class=\"wp-block-spacer\"><\/div>\n\n\n\n<p><strong>Moshe Feldenkrais (1904-1984) <\/strong><\/p>\n\n\n\n<div class=\"wp-block-media-text alignwide\" style=\"grid-template-columns:51% auto\"><figure class=\"wp-block-media-text__media\"><img loading=\"lazy\" decoding=\"async\" width=\"1024\" height=\"654\" src=\"https:\/\/centreedusoma.com\/wp-content\/uploads\/2019\/06\/IFF_Moshe_Feldenkrais_teaching_Freiburg_1981_2_l-1030x658-1024x654.jpg\" alt=\"\" class=\"wp-image-351\" srcset=\"https:\/\/centreedusoma.com\/wp-content\/uploads\/2019\/06\/IFF_Moshe_Feldenkrais_teaching_Freiburg_1981_2_l-1030x658-1024x654.jpg 1024w, https:\/\/centreedusoma.com\/wp-content\/uploads\/2019\/06\/IFF_Moshe_Feldenkrais_teaching_Freiburg_1981_2_l-1030x658-300x192.jpg 300w, https:\/\/centreedusoma.com\/wp-content\/uploads\/2019\/06\/IFF_Moshe_Feldenkrais_teaching_Freiburg_1981_2_l-1030x658-768x491.jpg 768w, https:\/\/centreedusoma.com\/wp-content\/uploads\/2019\/06\/IFF_Moshe_Feldenkrais_teaching_Freiburg_1981_2_l-1030x658.jpg 1030w\" sizes=\"auto, (max-width: 767px) 89vw, (max-width: 1000px) 54vw, (max-width: 1071px) 543px, 580px\" \/><\/figure><div class=\"wp-block-media-text__content\">\n<p class=\"has-normal-font-size\">N\u00e9 en Ukraine, il a d\u00e9velopp\u00e9, \u00e0 partir de 1943, sa m\u00e9thode d\u2019\u00e9ducation somatique et s\u2019y est consacr\u00e9 jusqu\u2019\u00e0 sa mort, en 1984. Il a pass\u00e9 la majeure partie de sa vie en Isra\u00ebl et en Europe. Il d\u00e9tenait un Doctorat en G\u00e9nie M\u00e9canique et en Sciences Physiques. <\/p>\n<\/div><\/div>\n\n\n\n<p>Il a travaill\u00e9 en recherche nucl\u00e9aire avec Fr\u00e9d\u00e9ric Joliot et Ir\u00e8ne Curie. Il fut le premier Europ\u00e9en \u00e0 obtenir une ceinture noire en Judo et accumula une longue exp\u00e9rience dans l\u2019enseignement des arts martiaux. La synth\u00e8se de ces exp\u00e9riences ant\u00e9rieures m\u00eal\u00e9e d\u2019une grande curiosit\u00e9 pour la linguistique, la biologie, la neurophysiologie, la psychologie, le d\u00e9veloppement p\u00e9rinatal et les sports, lui permit de r\u00e9apprendre par lui-m\u00eame \u00e0 marcher \u00e0 la suite d\u2019une blessure au genou.<\/p>\n\n\n\n<p>Cette d\u00e9couverte personnelle le mena \u00e0 cette d\u00e9monstration que l\u2019organisation du mouvement corporel \u00e9tait le meilleur indicateur non seulement des processus mentaux mais du fonctionnement global du syst\u00e8me nerveux. Il croyait qu\u2019\u00e0 partir du moment o\u00f9 on sait ce qu\u2019on fait, en s\u2019int\u00e9ressant au processus plut\u00f4t qu\u2019\u00e0 la finalit\u00e9 vis\u00e9e, on peut faire ce qu\u2019on veut. La recherche de toute sa vie n\u2019\u00e9tait pas la souplesse du corps, mais celle de l\u2019esprit, celle de restituer \u00e0 chaque personne sa dignit\u00e9 humaine.<\/p>\n\n\n\n<div class=\"wp-block-columns has-2-columns is-layout-flex wp-container-core-columns-is-layout-9d6595d7 wp-block-columns-is-layout-flex\">\n<div class=\"wp-block-column is-layout-flow wp-block-column-is-layout-flow\">\n<div class=\"wp-block-button\"><a class=\"wp-block-button__link has-background\" href=\"http:\/\/www.feldenkraismethod.com\" style=\"background-color:#8a6c2a\">Dr. Mosh\u00e9 Feldenkrais &#8211; His Life and Work<\/a><\/div>\n\n\n\n<div class=\"wp-block-button\"><a class=\"wp-block-button__link has-text-color has-very-light-gray-color has-background\" href=\"https:\/\/www.achievingexcellence.com\" style=\"background-color:#8a6c2a\">The Feldenkrais Store<\/a><\/div>\n\n\n\n<div class=\"wp-block-columns has-2-columns is-layout-flex wp-container-core-columns-is-layout-9d6595d7 wp-block-columns-is-layout-flex\"><\/div>\n\n\n\n<p><\/p>\n<\/div>\n\n\n\n<div class=\"wp-block-column is-layout-flow wp-block-column-is-layout-flow\">\n<div class=\"wp-block-button\"><a class=\"wp-block-button__link has-text-color has-very-light-gray-color has-background\" href=\"http:\/\/www.feldenkraisresources.com\" style=\"background-color:#8a6c2a\">Feldenkrais Resources<\/a><\/div>\n<\/div>\n<\/div>\n\n\n\n<div style=\"height:30px\" aria-hidden=\"true\" class=\"wp-block-spacer\"><\/div>\n\n\n\n<p style=\"color:#757c82;font-size:19px\" class=\"has-text-color\"><strong>Quelques livres de Moshe Feldenkrais : <\/strong><\/p>\n\n\n\n<div class=\"wp-block-media-text alignwide\" style=\"grid-template-columns:19% auto\"><figure class=\"wp-block-media-text__media\"><img loading=\"lazy\" decoding=\"async\" width=\"376\" height=\"526\" src=\"https:\/\/centreedusoma.com\/wp-content\/uploads\/2019\/06\/Energieetbien-\u00eatre.png\" alt=\"\" class=\"wp-image-299\" srcset=\"https:\/\/centreedusoma.com\/wp-content\/uploads\/2019\/06\/Energieetbien-\u00eatre.png 376w, https:\/\/centreedusoma.com\/wp-content\/uploads\/2019\/06\/Energieetbien-\u00eatre-214x300.png 214w\" sizes=\"auto, (max-width: 376px) 100vw, 376px\" \/><\/figure><div class=\"wp-block-media-text__content\">\n<p>2010: FELDENKRAIS, Moshe. <em>\u00c9nergie et bien-\u00eatre par le mouvement : Les fondements de la m\u00e9thode Feldenkrais.<\/em> DANGLES. (ISBN : 978-2703308133)<\/p>\n\n\n\n<p style=\"font-size:12px\">Publication originale : <em>La conscience du corps.<\/em> Robert Laffont (1971).<\/p>\n<\/div><\/div>\n\n\n\n<div class=\"wp-block-media-text alignwide\" style=\"grid-template-columns:19% auto\"><figure class=\"wp-block-media-text__media\"><img loading=\"lazy\" decoding=\"async\" width=\"388\" height=\"578\" src=\"https:\/\/centreedusoma.com\/wp-content\/uploads\/2019\/06\/La-puissance-du-moi.png\" alt=\"\" class=\"wp-image-302\" srcset=\"https:\/\/centreedusoma.com\/wp-content\/uploads\/2019\/06\/La-puissance-du-moi.png 388w, https:\/\/centreedusoma.com\/wp-content\/uploads\/2019\/06\/La-puissance-du-moi-201x300.png 201w\" sizes=\"auto, (max-width: 388px) 100vw, 388px\" \/><\/figure><div class=\"wp-block-media-text__content\">\n<p style=\"font-size:14px\">2010: FELDENKRAIS, Moshe. <em>La puissance du moi. <\/em>Marabout. (ISBN: 978-2501064743)<\/p>\n\n\n\n<p style=\"font-size:12px\">Publication originale : <em>The Potent Self : A Guide to Spontaneity<\/em>. Harper &amp; Row (1985).<\/p>\n<\/div><\/div>\n\n\n\n<div class=\"wp-block-media-text alignwide\" style=\"grid-template-columns:20% auto\"><figure class=\"wp-block-media-text__media\"><img loading=\"lazy\" decoding=\"async\" width=\"624\" height=\"994\" src=\"https:\/\/centreedusoma.com\/wp-content\/uploads\/2019\/06\/L\u00eatreetlamaturit\u00e9.png\" alt=\"\" class=\"wp-image-304\" srcset=\"https:\/\/centreedusoma.com\/wp-content\/uploads\/2019\/06\/L\u00eatreetlamaturit\u00e9.png 624w, https:\/\/centreedusoma.com\/wp-content\/uploads\/2019\/06\/L\u00eatreetlamaturit\u00e9-188x300.png 188w\" sizes=\"auto, (max-width: 624px) 100vw, 624px\" \/><\/figure><div class=\"wp-block-media-text__content\">\n<p style=\"font-size:14px\">2005: FELDENKRAIS, Moshe. <em>L&rsquo;\u00eatre et la maturit\u00e9 du comportement.<\/em> Espace du temps pr\u00e9sent. (ISBN: 2-9507366-0-2)<\/p>\n\n\n\n<p style=\"font-size:12px\">Publication originale : <em>Body and Mature Behavior, A study of Anxiety, Sex, Gravitation &amp; Learning<\/em>. International University Press Inc (1981).<\/p>\n<\/div><\/div>\n\n\n\n<div class=\"wp-block-media-text alignwide\" style=\"grid-template-columns:19% auto\"><figure class=\"wp-block-media-text__media\"><img loading=\"lazy\" decoding=\"async\" width=\"356\" height=\"530\" src=\"https:\/\/centreedusoma.com\/wp-content\/uploads\/2019\/06\/TheElusiveObvious.png\" alt=\"\" class=\"wp-image-305\" srcset=\"https:\/\/centreedusoma.com\/wp-content\/uploads\/2019\/06\/TheElusiveObvious.png 356w, https:\/\/centreedusoma.com\/wp-content\/uploads\/2019\/06\/TheElusiveObvious-202x300.png 202w\" sizes=\"auto, (max-width: 356px) 100vw, 356px\" \/><\/figure><div class=\"wp-block-media-text__content\">\n<p style=\"font-size:14px\">2019: FELDENKRAIS, Moshe. <em>The Elusive Obvious. The Convergence of Movement, Neuroplasticity, and Health. <\/em>North Atlantic Books. (ISBN :978-1623173340)<\/p>\n\n\n\n<p style=\"font-size:12px\">Publication originale : <em>The Elusive Obvious<\/em>. Meta-Publications. (1981).<\/p>\n<\/div><\/div>\n\n\n\n<div class=\"wp-block-media-text alignwide\" style=\"grid-template-columns:19% auto\"><figure class=\"wp-block-media-text__media\"><img loading=\"lazy\" decoding=\"async\" width=\"354\" height=\"528\" src=\"https:\/\/centreedusoma.com\/wp-content\/uploads\/2019\/06\/Embodied-Wisdom.png\" alt=\"\" class=\"wp-image-306\" srcset=\"https:\/\/centreedusoma.com\/wp-content\/uploads\/2019\/06\/Embodied-Wisdom.png 354w, https:\/\/centreedusoma.com\/wp-content\/uploads\/2019\/06\/Embodied-Wisdom-201x300.png 201w\" sizes=\"auto, (max-width: 354px) 100vw, 354px\" \/><\/figure><div class=\"wp-block-media-text__content\">\n<p style=\"font-size:14px\">2010: FELDENKRAIS, Moshe. <em>Embodied Wisdom. The Collected Papers of Moshe Feldenkrais. <\/em>North Atlantic Books. (ISBN: 978-1556439063)<\/p>\n<\/div><\/div>\n","protected":false},"excerpt":{"rendered":"<p>\u00ab&nbsp;Une personne en bonne sant\u00e9, c&rsquo;est quelqu&rsquo;un qui peut vivre pleinement ses r\u00eaves inavou\u00e9s.&nbsp;\u00bb En bref, la m\u00e9thode&nbsp;Feldenkrais\u00ae&nbsp;est l\u2019une des grandes m\u00e9thodes d\u2019\u00e9ducation somatique reconnues par le&nbsp;Regroupement pour l\u2019\u00e9ducation somatique (RES). Elle utilise le mouvement corporel pour am\u00e9liorer la qualit\u00e9 et l\u2019efficacit\u00e9 du fonctionnement de la personne. \u00c0 travers le mouvement cette approche propose de &hellip; <\/p>\n<p class=\"link-more\"><a href=\"https:\/\/centreedusoma.com\/index.php\/le-feldenkrais\/\" class=\"more-link\">Continuer la lecture<span class=\"screen-reader-text\"> de &laquo;&nbsp;La m\u00e9thode Feldenkrais\u00ae&nbsp;&raquo;<\/span><\/a><\/p>\n","protected":false},"author":1,"featured_media":0,"parent":0,"menu_order":0,"comment_status":"closed","ping_status":"closed","template":"","meta":{"footnotes":""},"class_list":["post-46","page","type-page","status-publish","hentry"],"_links":{"self":[{"href":"https:\/\/centreedusoma.com\/index.php\/wp-json\/wp\/v2\/pages\/46","targetHints":{"allow":["GET"]}}],"collection":[{"href":"https:\/\/centreedusoma.com\/index.php\/wp-json\/wp\/v2\/pages"}],"about":[{"href":"https:\/\/centreedusoma.com\/index.php\/wp-json\/wp\/v2\/types\/page"}],"author":[{"embeddable":true,"href":"https:\/\/centreedusoma.com\/index.php\/wp-json\/wp\/v2\/users\/1"}],"replies":[{"embeddable":true,"href":"https:\/\/centreedusoma.com\/index.php\/wp-json\/wp\/v2\/comments?post=46"}],"version-history":[{"count":23,"href":"https:\/\/centreedusoma.com\/index.php\/wp-json\/wp\/v2\/pages\/46\/revisions"}],"predecessor-version":[{"id":352,"href":"https:\/\/centreedusoma.com\/index.php\/wp-json\/wp\/v2\/pages\/46\/revisions\/352"}],"wp:attachment":[{"href":"https:\/\/centreedusoma.com\/index.php\/wp-json\/wp\/v2\/media?parent=46"}],"curies":[{"name":"wp","href":"https:\/\/api.w.org\/{rel}","templated":true}]}}